 What are the prime factors of g/(-8) - (-6480)/64?
2, 3, 17
Let h(c) = -2*c**3 - 18*c**2 - 14*c + 17. Let r be h(-8). List the prime factors of 2 + r*(0/(-1) - -1051).
3, 13
Suppose 0 = 17*g - 13*g + 8. List the prime factors of 297 - (1 - 5 - g).
13, 23
Suppose 0 = 9*w + 9534 - 71733. What are the prime factors of w?
6911
Suppose -f = -6*f + 725. Suppose 165 - f = 5*z. Suppose -z = 2*p, 2*m - 5*m = -3*p - 231. List the prime factors of m.
3, 5
Let v = 37 - 34. Suppose 2*n = -2*g + 232, n = v*g - 4*n - 372. Let w = -79 + g. What are the prime factors of w?
2, 5
What are the prime factors of (19661 - 21)/(-20)*(-7 - -2)?
2, 5, 491
Let t = -39 + 56. Let j = t - 14. Suppose -u = 4*v - 165, -5*v = -j*u - 149 - 36. What are the prime factors of v?
2, 5
Let j = 378 + -380. What are the prime factors of j - -5 - 105/(-7)?
2, 3
Let i(w) = -87*w + 7. Let g be i(-15). Suppose -2*r - r + 2*a + g = 0, 0 = 4*r - 4*a - 1752. Suppose 0 = 5*k - r + 96. What are the prime factors of k?
2, 17
Let o(t) = -540*t - 533. What are the prime factors of o(-11)?
5407
Suppose -6348 = p + 5*p. Let j = -628 - p. What are the prime factors of j?
2, 5, 43
What are the prime factors of (0 - (-84)/2)*(-55)/(-2310)*41436?
2, 3, 1151
Suppose -25*l - 6*l = 8*l - 2140710. What are the prime factors of l?
2, 5, 11, 499
Suppose 17*a + 9*a - 52 = 0. List the prime factors of (a + -3026)/(-7) + -9.
3, 47
Let d = -12 - -45. Suppose 8339*s - 8331*s - 168 = 0. Let r = d + s. What are the prime factors of r?
2, 3
Let a = 647 - 821. List the prime factors of a/(13/(273/(-14))).
3, 29
Suppose 0 = -5*q + 2*u + 63247, 0 = 2*q - q + 5*u - 12644. List the prime factors of q.
7, 13, 139
Let s(i) = i**3 - 10*i**2 + 74*i - 75. What are the prime factors of s(20)?
5, 23, 47
Let y(a) = 121*a**3 - 5*a**2 + 8*a - 81. What are the prime factors of y(5)?
7, 2137
Let k(u) = -67*u + 1898. List the prime factors of k(-42).
2, 19, 31
Let t(n) = 17*n + 17. Let i be t(-4). Let v = 55 + i. Suppose -d = p - 22, 7*d = 2*d + v*p + 137. What are the prime factors of d?
5
Suppose 14*a + 8*a - 24*a + 10918 = 0. What are the prime factors of a?
53, 103
Let t(k) = -3*k - 8*k + 13*k + 676 - 9*k. List the prime factors of t(0).
2, 13
Let v(f) = 6*f - 78. Let b be v(14). Let s(k) = 51*k - 1. List the prime factors of s(b).
5, 61
Let l(d) = -2*d - 7. Let a(h) = h + 4. Let s(u) = -5*a(u) - 3*l(u). Suppose i - 25 = -4*i. List the prime factors of s(i).
2, 3
Let c = 28 - 24. Suppose -b + 363 = -3*v, -v + 1522 = c*b + v. What are the prime factors of b?
2, 3, 7
Suppose -2*m = 2*m - 0*m. Suppose -6*u + 354 = -m*u. Suppose -64*l = -u*l - 180. What are the prime factors of l?
2, 3
Let a be 2*(21/6 + -2). Let j be 312 + 3/(-2 + a). Suppose 6*t - j = -33. What are the prime factors of t?
47
Let o = 3045 + 2195. What are the prime factors of o?
2, 5, 131
List the prime factors of (11/(-2))/(-46 + 9773211/212462).
11, 2591
Let u(b) = -236*b - 2876. List the prime factors of u(-57).
2, 661
Let f = 184 - 108. Suppose f*u = 19*u + 20292. What are the prime factors of u?
2, 89
Let w be 1/2*(33 + -21). Suppose -w = 7*z + 99. Let y = z + 35. List the prime factors of y.
2, 5
Suppose -1128 = 8*i - 5*i. Let x = -168 - i. What are the prime factors of x?
2, 13
Let b(d) = 1972*d - 236. List the prime factors of b(4).
2, 1913
Let w be -2 - 12/(-4 - -2). Suppose -w*o - 25 = -2*m + 11, -2*o = m - 14. Suppose -m*h + 1521 = -3*h. What are the prime factors of h?
3, 13
Suppose -9*c + 4*w + 11 = -6*c, 22 = 4*c + 2*w. Suppose 3*n + 340 = 2*m, -c*m + n - 3*n + 888 = 0. List the prime factors of m.
2, 11
Let g(r) = r**2 - 8*r + 8. Let z be g(5). Let m be 14/z*(-2 + 1). Suppose -2*n = m*f - 100, 4*f - 4*n - 157 = 67. What are the prime factors of f?
53
Suppose 2*x + 2*l + 127 - 37 = 0, -x - 5*l = 61. Let a be (2 - x/(-2))/((-5)/10). Suppose 4*r = 153 - a. What are the prime factors of r?
29
Suppose 0 = 7*k - 5*k - 20818. What are the prime factors of k?
7, 1487
Let p(x) = 179*x**2 + 38*x - 467. What are the prime factors of p(8)?
23, 491
Let f = -61453 + 97023. List the prime factors of f.
2, 5, 3557
Suppose 13*o = 12*o + 161. Let p be (o/21 - 6)/((-10)/(-36)). Suppose 476 = p*k + k. List the prime factors of k.
2, 17
Let n = -192 + -81. List the prime factors of 4/(-14) - 69693/n.
3, 5, 17
Let r(f) = f**3 + 63*f**2 + 7*f + 176. List the prime factors of r(-39).
7, 743
Let z(x) = 9*x + 23. Let k(a) = a. Let r(y) = -6*k(y) - z(y). Let w(p) = -7*p**2 + 6*p + 6. Let n be w(-1). List the prime factors of r(n).
2, 41
Let b(o) = -295*o + 3174. List the prime factors of b(-53).
7, 2687
Suppose -l + 4*a + 1210 = 0, 9 - 19 = 5*a. List the prime factors of l.
2, 601
Let f(x) = -73*x + 295. Let d be f(4). Suppose 4*h = -d*c + 4594, 0 = 2*c - c + h - 1532. What are the prime factors of c?
2, 13, 59
Suppose -283 = -16*j - 27. Suppose 27*s - j*s - 6479 = 0. List the prime factors of s.
19, 31
Suppose -2*u - 6 = -2*n, 4*n - 4*u = -3*u + 18. Suppose g - 13 = 2*g + n*c, 0 = -2*g - c + 1. List the prime factors of 2*(21/2 + g).
5
Let s be 10/(-15)*(-3438)/4. Suppose h + s = i, -1422 = -5*i - 4*h + 1416. List the prime factors of i.
2, 3, 5, 19
What are the prime factors of (-661856)/(-30) + (-492)/(-3690)?
2, 3, 3677
Suppose 2155 = -23*u + 18*u. Let j = -114 - u. Suppose -5*s + j + 148 = 0. List the prime factors of s.
3, 31
Let c = 1019 + -620. Let g = c + -185. Suppose 30 = j - g. List the prime factors of j.
2, 61
Let i(g) = 62*g + 2*g**3 - 3*g**3 + 72 - 10*g**2 - 5*g**2 - 103*g + 57*g. What are the prime factors of i(-19)?
2, 3, 101
Suppose -18740 = -2*j + 4*a, -2*j + 8806 = -5*a - 9933. List the prime factors of j.
2, 3, 11, 71
What are the prime factors of (-40)/20*5/(-2) + 20873?
2, 11, 13, 73
Let j(q) be the third derivative of 13*q**5/60 - q**4/4 - 5*q**2 - 14. What are the prime factors of j(1)?
7
Suppose 17*q - 22*q - 10 = 0. Let s be (-30)/12*(q - -212). What are the prime factors of (s/(-14))/(-3)*(0 + -10)?
5
Suppose -4*r - 11484 = 2*r. Let l = r + 2756. What are the prime factors of l?
2, 421
Let y(t) = -492*t - 39. What are the prime factors of y(-32)?
3, 5, 349
Let f(a) = a + 8. Let j be f(-6). Let u be -2*(0 - j/((-8)/(-68))). Suppose 0*v - v = -u. List the prime factors of v.
2, 17
Let j(p) = 1191*p + 3364. What are the prime factors of j(13)?
47, 401
Let w(z) = z**3 + 4*z**2 + 4. Let u be w(-5). Let i(c) be the second derivative of -2*c**3/3 + 2*c**2 + 2*c + 24. What are the prime factors of i(u)?
2, 11
Let u = -15548 - -56626. List the prime factors of u.
2, 19, 23, 47
Suppose -1177919 + 237755 = -65*w + 813601. What are the prime factors of w?
26981
Let h(x) = x**3 + x**2 + 973*x + 57996. List the prime factors of h(0).
2, 3, 179
Let p = 15688 - 10330. List the prime factors of p.
2, 3, 19, 47
Let q(o) = 5200*o**2 + 434*o - 1290. What are the prime factors of q(3)?
2, 3, 47, 83
What are the prime factors of (-3)/(-5)*-1 + 30981888/1680?
3, 683
Let j(b) = -4*b + 64. Let t be j(12). Suppose t*m = -m - 4896. List the prime factors of (5/((-105)/m))/(6/105).
2, 3, 5
Suppose 7*w - 361 = 3. Suppose 0 = 7*r + w + 417. Let p = 95 + r. List the prime factors of p.
2, 7
Suppose -6*q + 3*q + 162 = t, -q = -4*t + 661. Suppose z - t = -119. What are the prime factors of z?
2, 23
List the prime factors of 10/5 + 7/((-14)/(-62040)).
2, 15511
Let t(r) be the third derivative of r**4/4 - 3*r**3/2 - 78*r**2. Suppose -k = -2*k + 15. What are the prime factors of t(k)?
3
Let o = 87 - 95. Let x be (12/o - -1) + 1454/(-4). Let q = -201 - x. List the prime factors of q.
163
Let y = 128341 - 88151. What are the prime factors of y?
2, 5, 4019
What are the prime factors of (67692/(-18))/((-44)/(-462) - 3/7)?
2, 5641
Let y(v) = v**3 - 16*v**2 + 3*v - 25. Let i be y(16). Suppose i*z - 24*z + 5 = 0. Suppose z*b + 4*t = 8, 0 = -b + 2*b + 4*t + 8. List the prime factors of b.
2
Let f(n) = 64*n + 28. Let a be f(5). Suppose -2*c = -3*h - 536, -h + a = -4*c + 1400. What are the prime factors of c?
2, 131
Let x(a) = 366*a**2 + 22*a + 13. Let b be x(15). Suppose -65*v - 21593 = -b. What are the prime factors of v?
2, 5, 47
Let j(u) = 36*u - 430. Let p be j(12). Suppose p*i = -4*d + 2648, 269 = d - 4*i - 375. What are the prime factors of d?
2, 3, 5, 11
Let a(q) = q**3 + 23*q**2